 What is the highest common factor of 72 and t?
9
Suppose -18*i - 750 = -21*i. Let l = -131 + i. What is the highest common divisor of 17 and l?
17
Let h = -27 - -18. Let t be 1 - 1 - 36/h. Let a(g) = -19*g + 1. Let b be a(-1). What is the highest common divisor of t and b?
4
Let t be (2/(-3))/(2/(-9)). Suppose 3*g + 10 = 5*d, -t*d - 2*d + 15 = -2*g. What is the highest common factor of d and 10?
5
Let v(w) = w**3 + 25*w**2 - 224*w + 48. Let r be v(-32). Let g = 31 + -15. Calculate the highest common divisor of g and r.
16
Suppose -6 = -2*y - y. Let f be 119 - (-12)/4 - y. Let h = 212 - f. What is the highest common factor of h and 23?
23
Let g(f) = 48*f - 312. Let h be g(23). Calculate the greatest common divisor of 99 and h.
99
Suppose 38 = -5*y + 3*y. Let w = y - -27. What is the greatest common divisor of 24 and w?
8
Suppose 0 = b - 2, -u + 4*b + 200 = 3*u. Suppose u = 4*t - 5*r, t + r - 4 = -0*t. Let y = 154 + -114. Calculate the highest common divisor of t and y.
8
Let d = 20 + -17. Suppose 2*s = 47 - d. Let z = s + -10. Calculate the highest common factor of 108 and z.
12
Let i(o) = -6*o**3 - 3*o**2 + o - 3. Let u be i(-3). Suppose 5*z - q = 210, 25 = 335*q - 330*q. Calculate the greatest common factor of z and u.
43
Let n(w) = 2*w**2 + 17*w - 4. Let y(s) = -2*s + 14. Let a = 29 - 16. Let i be y(a). Let u be n(i). Calculate the greatest common factor of u and 10.
10
Let i be -8*2*-16*(-160)/(-320). Calculate the greatest common factor of 160 and i.
32
Let y be (9 - 2)/(16/128). Let z = 4 - -3. What is the greatest common factor of z and y?
7
Let d = 430 + 10. Calculate the greatest common divisor of d and 275.
55
Let w(n) = -31*n**3 - 2*n**2 - n. Let g be w(-1). Suppose -3*o = -8*o - 220. Let p = 119 + o. Calculate the highest common divisor of g and p.
15
Let y be (-2 - -11*1)*-16. Let f = -88 - y. Let d be (-22)/(-3) - ((-2)/3 + 48 + -47). Calculate the greatest common divisor of f and d.
7
Suppose 4*q = -q + 70. Suppose 4 = -2*u - 4*x, -4*x - 8 = -u + q. Let z = -1 - -5. Calculate the highest common factor of u and z.
2
Let o be -8 + 7 + -3*6/(-3). Calculate the greatest common factor of o and 865.
5
Suppose 0 = 2*o - 2 - 2. Suppose a + a - y - 117 = 0, -4*y + 92 = o*a. What is the highest common factor of 8 and a?
8
Let z = -15 + 12. Let x(l) = 27*l**2 + 5*l + 3. Let f be x(z). Calculate the greatest common factor of 33 and f.
33
Let n(b) = -6*b - 1 - 4*b - 2*b + 2*b. Let d be n(-4). Let z = -30 + 56. What is the highest common factor of d and z?
13
Suppose -r + 10 = 2*o - 46, o + 5*r - 19 = 0. Calculate the greatest common divisor of 1247 and o.
29
Let d be ((-1184)/6)/((-119)/714). What is the highest common divisor of 74 and d?
74
Let r = 347 - -173. What is the highest common divisor of r and 312?
104
Suppose -10 = 3*b - 76. Suppose 13*y - 8*y = -30, 3*y = -4*j + 422. What is the highest common factor of b and j?
22
Suppose 3*j + 43 + 83 = 0. Let y = j - -59. Calculate the highest common divisor of 17 and y.
17
Suppose 0 = 3*m + 5 + 1. Let i = m + -49. Let a = -36 - i. What is the highest common divisor of 135 and a?
15
Suppose 0 = -3*v + v. Suppose -2*l + 264 = 3*x, v = 4*x - l - 2*l - 369. Calculate the highest common divisor of x and 10.
10
Let s(c) = -4*c - 10. Let k be s(-7). Suppose o = 4*o + k. Let l(b) = b**2 + 3*b. Let u be l(o). Calculate the highest common divisor of 18 and u.
18
Let o = -1 + 7. Let p(k) = 4 + 6*k**2 + 14 - 9 + 3*k**3 - 4*k**3 + 5*k. Let s be p(o). Calculate the greatest common divisor of 26 and s.
13
Let p(f) = 22*f**2 - 4*f - 14. Let w be p(-3). Calculate the highest common divisor of w and 294.
98
Let q(x) = 13*x + 1179. Let i be q(-83). What is the highest common divisor of i and 4300?
100
Suppose -2*h = 6, 5*h + 42 = 5*b + 12. Suppose 0 = -5*n - b*g + 109, -4*n + 86 = g + g. Calculate the greatest common divisor of n and 140.
20
Let j be (-2*(7 - -5))/(6/(-4)). What is the highest common factor of j and 144?
16
Suppose 6*n + 6 = 9*n. Suppose -x + 2*p + 5 + 4 = 0, 0 = -n*x - 3*p + 25. Calculate the highest common divisor of x and 88.
11
Suppose 11 + 137 = -2*y. Let c = 78 + -182. Let o = y - c. Calculate the greatest common factor of o and 6.
6
Suppose -3*i - 383 = -5*n, 9*n - 4*i - 379 = 4*n. Suppose -4*k = -81 - n. Let b be (-4)/(-1 + 0) + k. Calculate the highest common factor of b and 4.
4
Let q be -6 - -16 - (0 - 220). Calculate the greatest common factor of q and 46.
46
Suppose -5*l + 30 = -4*l. Suppose -110*x = -38*x - 15120. Calculate the greatest common factor of l and x.
30
Let m = -480 - -1052. What is the greatest common divisor of m and 52?
52
Let u(s) = -s + 3. Let c be u(14). Let x be (-540)/(-55) + (-2)/c. Suppose 5*v - 210 + x = 0. What is the greatest common factor of 8 and v?
8
Let d = 19 + 13. Suppose -4*o + 9*o = 20. What is the greatest common divisor of d and o?
4
Suppose 108 = 5*f - 192. What is the greatest common factor of f and 780?
60
Let o be (-2)/((-8)/(-4)) + 1. Suppose -3*j + 5*j - 322 = o. Suppose -2*z + h + 61 = -2*h, 5*z = -h + j. What is the highest common divisor of 16 and z?
16
Let j be 196/(-882) + 3*(-6340)/(-54). What is the highest common divisor of 616 and j?
88
Suppose 0 = -4*s + 222 - 30. What is the greatest common divisor of 96 and s?
48
Let b be 0 + 2/((-8)/(-10))*4. What is the greatest common factor of b and 55?
5
Suppose 54 = -p + 9. Let a be 10/p - (-951)/27. Let t = -15 + a. Calculate the greatest common divisor of t and 140.
20
Let u = 293 - 251. What is the greatest common divisor of u and 2058?
42
Let t be (0/3 - -3)/3. Let q = t + 1. Let b be 4*q/8 + 22. Calculate the highest common divisor of b and 253.
23
Let q(j) be the second derivative of -j**5/20 - 5*j**4/4 - 7*j**3/3 + 3*j**2/2 - 9*j. Let y be q(-14). What is the greatest common factor of 27 and y?
3
Suppose 2*y = -4*d + 16, 4*y = d - 12 + 89. Let l(r) = -r**2 + 7*r - 6. Let p be l(5). Suppose 0*k + 108 = p*k. Calculate the highest common divisor of y and k.
9
Let w = -529 + 547. Calculate the highest common factor of w and 96.
6
Let j = -672 + 1302. What is the greatest common factor of j and 180?
90
Let q be (10/4)/(1/2). Suppose q*v - 137 = 28. Calculate the highest common factor of 99 and v.
33
Let p(o) = 19*o - 6. Let w be p(2). Suppose -7*j + w + 10 = 0. What is the greatest common divisor of 12 and j?
6
Let j = 4112 - 2373. What is the highest common factor of j and 47?
47
Let h = -251 + 333. Calculate the greatest common factor of h and 205.
41
Let o(m) = -4*m**2 - 3. Let q be o(-2). Let j = -4 - q. Calculate the highest common divisor of 6 and j.
3
Let j be (-9)/(-3)*(4 + -3) - -1. Suppose -12*p + 64 = -j*p. Calculate the greatest common factor of p and 4.
4
Let r(g) = -g**3 - 5*g**2 + 6*g - 27. Let m be r(-13). What is the highest common divisor of m and 43?
43
Let c be -3 - -5 - 3*2. Let v(j) = -4 - 2*j + 0*j - 2*j - 3*j. Let l be v(c). Calculate the highest common divisor of l and 36.
12
Suppose -3*x - 6 = 0, -5*x + 56 = 5*s - 3*x. Calculate the highest common divisor of 42 and s.
6
Let p = 173 + -63. Suppose 2*z - 6 = 2*s + p, 5*s = 4*z - 235. Calculate the greatest common factor of z and 22.
11
Suppose -f + 2*f - 75 = 0. Suppose -4*a + 563 = -0*a + 3*n, 5*a - 675 = 2*n. Let m = a - 122. What is the greatest common divisor of f and m?
15
Let g be 2/(-4 + 8)*56. What is the highest common factor of g and 7?
7
Suppose 434*u - 438*u + 3160 = 0. What is the greatest common factor of 20 and u?
10
Let x(v) = 18*v**3 - 7*v + 11. Let d(r) = 45*r**3 - 18*r + 27. Let p(h) = 5*d(h) - 12*x(h). Let i be p(2). What is the greatest common divisor of i and 21?
21
Suppose d + 4*d = -3*j + 21, -2*j - 2*d = -14. Suppose -4*q = -f + 120, f - 2*q + j*q - 84 = 0. What is the highest common factor of 26 and f?
26
Let a be 2 + (-4 - -8 - 1). Suppose a*f = f + 36. What is the highest common factor of f and 36?
9
Let t(s) = -s**2 - 12*s + 1. Let b be t(-11). Suppose 11*d = b*d - 15. What is the greatest common factor of d and 3?
3
Suppose a - 30 = 338. Suppose 0 = 4*x - a + 48. Suppose u - o - 18 = 0, -37*o + 34*o = -2*u + 38. What is the greatest common divisor of u and x?
16
Let c = -2959 + 3092. What is the highest common factor of c and 323?
19
Let m be (-7 - (-200)/24)/((-12)/(-81)). Let